{"id":145,"date":"2026-04-26T12:47:46","date_gmt":"2026-04-26T12:47:46","guid":{"rendered":"https:\/\/artistic-teal-raccoon.161-97-130-66.cpanel.site\/?page_id=145"},"modified":"2026-04-26T12:59:05","modified_gmt":"2026-04-26T12:59:05","slug":"blog","status":"publish","type":"page","link":"https:\/\/raicesparavolar.com\/?page_id=145","title":{"rendered":"Blog"},"content":{"rendered":"\t\t<div data-elementor-type=\"wp-page\" data-elementor-id=\"145\" class=\"elementor elementor-145\" data-elementor-post-type=\"page\">\n\t\t\t\t<div class=\"elementor-element elementor-element-688e8a8 e-flex e-con-boxed e-con e-parent\" data-id=\"688e8a8\" data-element_type=\"container\" data-e-type=\"container\">\n\t\t\t\t\t<div class=\"e-con-inner\">\n\t\t\t\t<div class=\"elementor-element elementor-element-35b1fa7 elementor-widget elementor-widget-heading\" data-id=\"35b1fa7\" data-element_type=\"widget\" data-e-type=\"widget\" data-widget_type=\"heading.default\">\n\t\t\t\t\t<h1 class=\"elementor-heading-title elementor-size-default\">Todos los articulos<\/h1>\t\t\t\t<\/div>\n\t\t\t\t<div class=\"elementor-element elementor-element-e67812c elementor-grid-2 elementor-posts--thumbnail-left elementor-grid-tablet-2 elementor-grid-mobile-1 elementor-widget elementor-widget-posts\" data-id=\"e67812c\" data-element_type=\"widget\" data-e-type=\"widget\" data-settings=\"{&quot;classic_columns&quot;:&quot;2&quot;,&quot;classic_row_gap&quot;:{&quot;unit&quot;:&quot;px&quot;,&quot;size&quot;:30,&quot;sizes&quot;:[]},&quot;pagination_type&quot;:&quot;numbers&quot;,&quot;classic_columns_tablet&quot;:&quot;2&quot;,&quot;classic_columns_mobile&quot;:&quot;1&quot;,&quot;classic_row_gap_tablet&quot;:{&quot;unit&quot;:&quot;px&quot;,&quot;size&quot;:&quot;&quot;,&quot;sizes&quot;:[]},&quot;classic_row_gap_mobile&quot;:{&quot;unit&quot;:&quot;px&quot;,&quot;size&quot;:&quot;&quot;,&quot;sizes&quot;:[]}}\" data-widget_type=\"posts.classic\">\n\t\t\t\t<div class=\"elementor-widget-container\">\n\t\t\t\t\t\t\t<div class=\"elementor-posts-container elementor-posts elementor-posts--skin-classic elementor-grid\" role=\"list\">\n\t\t\t\t<article class=\"elementor-post elementor-grid-item post-142 post type-post status-publish format-standard has-post-thumbnail hentry category-uncategorized\" role=\"listitem\">\n\t\t\t\t<a class=\"elementor-post__thumbnail__link\" href=\"https:\/\/raicesparavolar.com\/?p=142\" tabindex=\"-1\" >\n\t\t\t<div class=\"elementor-post__thumbnail\"><img fetchpriority=\"high\" decoding=\"async\" width=\"512\" height=\"269\" src=\"https:\/\/raicesparavolar.com\/wp-content\/uploads\/2026\/04\/Image-from-Raices-y-Vuelo.webp\" class=\"attachment-full size-full wp-image-143\" alt=\"\" srcset=\"https:\/\/raicesparavolar.com\/wp-content\/uploads\/2026\/04\/Image-from-Raices-y-Vuelo.webp 512w, https:\/\/raicesparavolar.com\/wp-content\/uploads\/2026\/04\/Image-from-Raices-y-Vuelo-300x158.webp 300w\" sizes=\"(max-width: 512px) 100vw, 512px\" \/><\/div>\n\t\t<\/a>\n\t\t\t\t<div class=\"elementor-post__text\">\n\t\t\t\t<h3 class=\"elementor-post__title\">\n\t\t\t<a href=\"https:\/\/raicesparavolar.com\/?p=142\" >\n\t\t\t\tEL AMOR COMO RA\u00cdZ\t\t\t<\/a>\n\t\t<\/h3>\n\t\t\t\t<div class=\"elementor-post__meta-data\">\n\t\t\t\t\t<span class=\"elementor-post-date\">\n\t\t\tabril 26, 2026\t\t<\/span>\n\t\t\t\t<\/div>\n\t\t\t\t<div class=\"elementor-post__excerpt\">\n\t\t\t<p>C\u00f3mo construir la seguridad emocional&nbsp; que nuestro hijos necesitan. A menudo&nbsp;confundimos&nbsp;el amor con la intenci\u00f3n. Creemos que porque dar\u00edamos la vida por nuestros hijos o porque&nbsp; trabajamos jornadas inagotables para<\/p>\n\t\t<\/div>\n\t\t\t\t<\/div>\n\t\t\t\t<\/article>\n\t\t\t\t<article class=\"elementor-post elementor-grid-item post-139 post type-post status-publish format-standard has-post-thumbnail hentry category-uncategorized\" role=\"listitem\">\n\t\t\t\t<a class=\"elementor-post__thumbnail__link\" href=\"https:\/\/raicesparavolar.com\/?p=139\" tabindex=\"-1\" >\n\t\t\t<div class=\"elementor-post__thumbnail\"><img decoding=\"async\" width=\"320\" height=\"213\" src=\"https:\/\/raicesparavolar.com\/wp-content\/uploads\/2026\/04\/Padres-Regano-Hija.webp\" class=\"attachment-full size-full wp-image-140\" alt=\"\" srcset=\"https:\/\/raicesparavolar.com\/wp-content\/uploads\/2026\/04\/Padres-Regano-Hija.webp 320w, https:\/\/raicesparavolar.com\/wp-content\/uploads\/2026\/04\/Padres-Regano-Hija-300x200.webp 300w\" sizes=\"(max-width: 320px) 100vw, 320px\" \/><\/div>\n\t\t<\/a>\n\t\t\t\t<div class=\"elementor-post__text\">\n\t\t\t\t<h3 class=\"elementor-post__title\">\n\t\t\t<a href=\"https:\/\/raicesparavolar.com\/?p=139\" >\n\t\t\t\tEl limite no es Muro, es una Ra\u00edz\t\t\t<\/a>\n\t\t<\/h3>\n\t\t\t\t<div class=\"elementor-post__meta-data\">\n\t\t\t\t\t<span class=\"elementor-post-date\">\n\t\t\tabril 26, 2026\t\t<\/span>\n\t\t\t\t<\/div>\n\t\t\t\t<div class=\"elementor-post__excerpt\">\n\t\t\t<p>&#8220;Educad al ni\u00f1o de hoy para no castigar al hombre del ma\u00f1ana&#8221;(Pit\u00e1goras). Te hablo con la verdad por delante: Yo tambi\u00e9n estuve ah\u00ed. Siempre puse limites, pero lo hice desde<\/p>\n\t\t<\/div>\n\t\t\t\t<\/div>\n\t\t\t\t<\/article>\n\t\t\t\t<article class=\"elementor-post elementor-grid-item post-136 post type-post status-publish format-standard has-post-thumbnail hentry category-uncategorized\" role=\"listitem\">\n\t\t\t\t<a class=\"elementor-post__thumbnail__link\" href=\"https:\/\/raicesparavolar.com\/?p=136\" tabindex=\"-1\" >\n\t\t\t<div class=\"elementor-post__thumbnail\"><img decoding=\"async\" width=\"267\" height=\"320\" src=\"https:\/\/raicesparavolar.com\/wp-content\/uploads\/2026\/04\/What-is-Personal-Identity.webp\" class=\"attachment-full size-full wp-image-137\" alt=\"\" srcset=\"https:\/\/raicesparavolar.com\/wp-content\/uploads\/2026\/04\/What-is-Personal-Identity.webp 267w, https:\/\/raicesparavolar.com\/wp-content\/uploads\/2026\/04\/What-is-Personal-Identity-250x300.webp 250w\" sizes=\"(max-width: 267px) 100vw, 267px\" \/><\/div>\n\t\t<\/a>\n\t\t\t\t<div class=\"elementor-post__text\">\n\t\t\t\t<h3 class=\"elementor-post__title\">\n\t\t\t<a href=\"https:\/\/raicesparavolar.com\/?p=136\" >\n\t\t\t\t\u00bfA qui\u00e9n pertenece la identidad de tu hijo?\t\t\t<\/a>\n\t\t<\/h3>\n\t\t\t\t<div class=\"elementor-post__meta-data\">\n\t\t\t\t\t<span class=\"elementor-post-date\">\n\t\t\tabril 26, 2026\t\t<\/span>\n\t\t\t\t<\/div>\n\t\t\t\t<div class=\"elementor-post__excerpt\">\n\t\t\t<p>\u00bfA \u00e9l o a tus expectativas? Muchas veces, sin darnos cuenta, estamos criando ni\u00f1os\/as expertos en cumplir expectativas, pero&nbsp;desconectados&nbsp;de quienes son en realidad;&nbsp; por eso, en&nbsp;Ra\u00edces y Vuelo&nbsp;sabemos que si<\/p>\n\t\t<\/div>\n\t\t\t\t<\/div>\n\t\t\t\t<\/article>\n\t\t\t\t<article class=\"elementor-post elementor-grid-item post-133 post type-post status-publish format-standard has-post-thumbnail hentry category-uncategorized\" role=\"listitem\">\n\t\t\t\t<a class=\"elementor-post__thumbnail__link\" href=\"https:\/\/raicesparavolar.com\/?p=133\" tabindex=\"-1\" >\n\t\t\t<div class=\"elementor-post__thumbnail\"><img loading=\"lazy\" decoding=\"async\" width=\"320\" height=\"160\" src=\"https:\/\/raicesparavolar.com\/wp-content\/uploads\/2026\/04\/External-Factor-from-Raices-y-Vuelo.webp\" class=\"attachment-full size-full wp-image-134\" alt=\"\" srcset=\"https:\/\/raicesparavolar.com\/wp-content\/uploads\/2026\/04\/External-Factor-from-Raices-y-Vuelo.webp 320w, https:\/\/raicesparavolar.com\/wp-content\/uploads\/2026\/04\/External-Factor-from-Raices-y-Vuelo-300x150.webp 300w\" sizes=\"(max-width: 320px) 100vw, 320px\" \/><\/div>\n\t\t<\/a>\n\t\t\t\t<div class=\"elementor-post__text\">\n\t\t\t\t<h3 class=\"elementor-post__title\">\n\t\t\t<a href=\"https:\/\/raicesparavolar.com\/?p=133\" >\n\t\t\t\tLa Culpa como parte del camino\t\t\t<\/a>\n\t\t<\/h3>\n\t\t\t\t<div class=\"elementor-post__meta-data\">\n\t\t\t\t\t<span class=\"elementor-post-date\">\n\t\t\tabril 26, 2026\t\t<\/span>\n\t\t\t\t<\/div>\n\t\t\t\t<div class=\"elementor-post__excerpt\">\n\t\t\t<p>La culpa forma parte de la experiencia de ser padre o madre. No es algo\u00a0 puntual, es algo que aparece una y otra vez: cuando no tienes tiempo, cuando estas<\/p>\n\t\t<\/div>\n\t\t\t\t<\/div>\n\t\t\t\t<\/article>\n\t\t\t\t<article class=\"elementor-post elementor-grid-item post-94 post type-post status-publish format-standard has-post-thumbnail hentry category-uncategorized\" role=\"listitem\">\n\t\t\t\t<a class=\"elementor-post__thumbnail__link\" href=\"https:\/\/raicesparavolar.com\/?p=94\" tabindex=\"-1\" >\n\t\t\t<div class=\"elementor-post__thumbnail\"><img loading=\"lazy\" decoding=\"async\" width=\"342\" height=\"512\" src=\"https:\/\/raicesparavolar.com\/wp-content\/uploads\/2026\/04\/1774969619147273-0.webp\" class=\"attachment-full size-full wp-image-96\" alt=\"\" srcset=\"https:\/\/raicesparavolar.com\/wp-content\/uploads\/2026\/04\/1774969619147273-0.webp 342w, https:\/\/raicesparavolar.com\/wp-content\/uploads\/2026\/04\/1774969619147273-0-200x300.webp 200w\" sizes=\"(max-width: 342px) 100vw, 342px\" \/><\/div>\n\t\t<\/a>\n\t\t\t\t<div class=\"elementor-post__text\">\n\t\t\t\t<h3 class=\"elementor-post__title\">\n\t\t\t<a href=\"https:\/\/raicesparavolar.com\/?p=94\" >\n\t\t\t\tPasas el d\u00eda buscando manuales de crianza cuando lo que necesitas es trabajar tus propias ra\u00edces\t\t\t<\/a>\n\t\t<\/h3>\n\t\t\t\t<div class=\"elementor-post__meta-data\">\n\t\t\t\t\t<span class=\"elementor-post-date\">\n\t\t\tabril 26, 2026\t\t<\/span>\n\t\t\t\t<\/div>\n\t\t\t\t<div class=\"elementor-post__excerpt\">\n\t\t\t<p>Lograr que la educaci\u00f3n sea mas f\u00e1cil y amena no es un deseo rom\u00e1ntico; es una consecuencia de tu liderazgo. La verdadera fatiga no viene de poner limites, sino de<\/p>\n\t\t<\/div>\n\t\t\t\t<\/div>\n\t\t\t\t<\/article>\n\t\t\t\t<\/div>\n\t\t\n\t\t\t\t\t\t<\/div>\n\t\t\t\t<\/div>\n\t\t\t\t\t<\/div>\n\t\t\t\t<\/div>\n\t\t\t\t<\/div>\n\t\t","protected":false},"excerpt":{"rendered":"<p>Todos los articulos<\/p>\n","protected":false},"author":1,"featured_media":0,"parent":0,"menu_order":0,"comment_status":"closed","ping_status":"closed","template":"elementor_header_footer","meta":{"footnotes":""},"class_list":["post-145","page","type-page","status-publish","hentry"],"_links":{"self":[{"href":"https:\/\/raicesparavolar.com\/index.php?rest_route=\/wp\/v2\/pages\/145","targetHints":{"allow":["GET"]}}],"collection":[{"href":"https:\/\/raicesparavolar.com\/index.php?rest_route=\/wp\/v2\/pages"}],"about":[{"href":"https:\/\/raicesparavolar.com\/index.php?rest_route=\/wp\/v2\/types\/page"}],"author":[{"embeddable":true,"href":"https:\/\/raicesparavolar.com\/index.php?rest_route=\/wp\/v2\/users\/1"}],"replies":[{"embeddable":true,"href":"https:\/\/raicesparavolar.com\/index.php?rest_route=%2Fwp%2Fv2%2Fcomments&post=145"}],"version-history":[{"count":7,"href":"https:\/\/raicesparavolar.com\/index.php?rest_route=\/wp\/v2\/pages\/145\/revisions"}],"predecessor-version":[{"id":157,"href":"https:\/\/raicesparavolar.com\/index.php?rest_route=\/wp\/v2\/pages\/145\/revisions\/157"}],"wp:attachment":[{"href":"https:\/\/raicesparavolar.com\/index.php?rest_route=%2Fwp%2Fv2%2Fmedia&parent=145"}],"curies":[{"name":"wp","href":"https:\/\/api.w.org\/{rel}","templated":true}]}}